{"id":1004,"date":"2024-02-15T11:51:23","date_gmt":"2024-02-15T11:51:23","guid":{"rendered":"https:\/\/reiterverein-heilbronn.de\/?page_id=1004"},"modified":"2026-03-17T15:21:53","modified_gmt":"2026-03-17T15:21:53","slug":"reitturnier-2024","status":"publish","type":"page","link":"https:\/\/reiterverein-heilbronn.de\/?page_id=1004","title":{"rendered":"Reitturnier 2026"},"content":{"rendered":"\n<p>Alle Infos zum Dressurtag am 21.03.2026 findet ihr hier:<\/p>\n\n\n\n<p><a href=\"https:\/\/results.equi-score.de\/event\/2026\/32280\/es\">Dressurtage Heilbronn 21.03.2026<\/a><\/p>\n\n\n\n<p>Alle Infos zum Reitertag WBO am 22.03.2026 findet ihr hier:<\/p>\n\n\n\n<p><a href=\"https:\/\/results.equi-score.de\/event\/2026\/32281\/de\">Reitertag WBO<\/a><\/p>\n\n\n\n<p><a href=\"https:\/\/results.equi-score.de\/files\/2026\/32281\/parcours6.pdf?1773759822\">Parcourskizze Pr\u00fcfung Nr. 6<\/a><\/p>\n\n\n\n<p>Zur vorl\u00e4ufigen Zeiteinteilung geht&#8217;s hier:<\/p>\n\n\n\n<p><a href=\"https:\/\/results.equi-score.de\/files\/2026\/32280\/doc1_-02.pdf?1773758246\">Vorl\u00e4ufige Zeiteinteilung f\u00fcr beide Tage<\/a><\/p>\n\n\n\n<p>WICHTIG &#x1f6a8; <\/p>\n\n\n\n<p>Adresse f\u00fcrs Navi:                                  Schlizstra\u00dfe 79, 74074 Heilbronn.                            <\/p>\n\n\n\n<p>&#8211; sonst werdet ihr unter Umst\u00e4nden \u00fcber die Weinberge navigiert und das ist nicht zu empfehlen mit einem Pferdetransporter. <\/p>\n\n\n\n<p>Die Parkpl\u00e4tze direkt am Veranstaltungsgel\u00e4nde sind rar. Ihr k\u00f6nnt in der J\u00e4gerhausstra\u00dfe beim Trappensee oder vor den Bahngleisen parken. <\/p>\n\n\n\n<p>Bitte reist rechtzeitig vor Pr\u00fcfungsbeginn an, damit f\u00fcr eure Pferde und euch nicht unn\u00f6tig Hektik entsteht. <\/p>\n\n\n\n<p>Unseren Parkplatzanweisern ist Folge zu leisten. <\/p>\n\n\n\n<p>Vielen Dank f\u00fcr eure Aufmerksamkeit. <\/p>\n\n\n\n<p>Wir w\u00fcnschen euch einen angenehmen Aufenthalt bei uns. <br><\/p>\n\n\n\n<p><\/p>\n\n\n\n<p><\/p>\n","protected":false},"excerpt":{"rendered":"<p>Alle Infos zum Dressurtag am 21.03.2026 findet ihr hier: Dressurtage Heilbronn 21.03.2026 Alle Infos zum Reitertag WBO am 22.03.2026 findet<\/p>\n","protected":false},"author":1,"featured_media":0,"parent":0,"menu_order":0,"comment_status":"closed","ping_status":"closed","template":"","meta":{"footnotes":""},"class_list":["post-1004","page","type-page","status-publish","hentry","comments-off"],"_links":{"self":[{"href":"https:\/\/reiterverein-heilbronn.de\/index.php?rest_route=\/wp\/v2\/pages\/1004","targetHints":{"allow":["GET"]}}],"collection":[{"href":"https:\/\/reiterverein-heilbronn.de\/index.php?rest_route=\/wp\/v2\/pages"}],"about":[{"href":"https:\/\/reiterverein-heilbronn.de\/index.php?rest_route=\/wp\/v2\/types\/page"}],"author":[{"embeddable":true,"href":"https:\/\/reiterverein-heilbronn.de\/index.php?rest_route=\/wp\/v2\/users\/1"}],"replies":[{"embeddable":true,"href":"https:\/\/reiterverein-heilbronn.de\/index.php?rest_route=%2Fwp%2Fv2%2Fcomments&post=1004"}],"version-history":[{"count":10,"href":"https:\/\/reiterverein-heilbronn.de\/index.php?rest_route=\/wp\/v2\/pages\/1004\/revisions"}],"predecessor-version":[{"id":2221,"href":"https:\/\/reiterverein-heilbronn.de\/index.php?rest_route=\/wp\/v2\/pages\/1004\/revisions\/2221"}],"wp:attachment":[{"href":"https:\/\/reiterverein-heilbronn.de\/index.php?rest_route=%2Fwp%2Fv2%2Fmedia&parent=1004"}],"curies":[{"name":"wp","href":"https:\/\/api.w.org\/{rel}","templated":true}]}}