{"id":157,"date":"2019-09-19T17:14:07","date_gmt":"2019-09-19T17:14:07","guid":{"rendered":"http:\/\/reiterverein-heilbronn.de\/?page_id=157"},"modified":"2025-07-30T06:21:03","modified_gmt":"2025-07-30T06:21:03","slug":"jugendabteilung","status":"publish","type":"page","link":"https:\/\/reiterverein-heilbronn.de\/?page_id=157","title":{"rendered":"Die Jugendabteilung"},"content":{"rendered":"\n<figure class=\"wp-block-image size-large\"><img loading=\"lazy\" decoding=\"async\" width=\"1024\" height=\"822\" src=\"https:\/\/reiterverein-heilbronn.de\/wp-content\/uploads\/2025\/07\/3C44370E-0B4B-4207-98C4-2035BBC8D623-2-1024x822.jpeg\" alt=\"\" class=\"wp-image-2030\" srcset=\"https:\/\/reiterverein-heilbronn.de\/wp-content\/uploads\/2025\/07\/3C44370E-0B4B-4207-98C4-2035BBC8D623-2-1024x822.jpeg 1024w, https:\/\/reiterverein-heilbronn.de\/wp-content\/uploads\/2025\/07\/3C44370E-0B4B-4207-98C4-2035BBC8D623-2-300x241.jpeg 300w, https:\/\/reiterverein-heilbronn.de\/wp-content\/uploads\/2025\/07\/3C44370E-0B4B-4207-98C4-2035BBC8D623-2-768x616.jpeg 768w, https:\/\/reiterverein-heilbronn.de\/wp-content\/uploads\/2025\/07\/3C44370E-0B4B-4207-98C4-2035BBC8D623-2.jpeg 1421w\" sizes=\"auto, (max-width: 1024px) 100vw, 1024px\" \/><\/figure>\n\n\n\n<p>Das ganze Jahr \u00fcber planen wir viele tolle Aktionen, Ausfl\u00fcge und Unternehmungen, die wir gemeinsam mit den Kindern und Jugendlichen des Reitvereins durchf\u00fchren m\u00f6chten. Wir freuen uns auf eure Teilnahme und ein aufregendes, spannendes Jahr mit Spiel, Spa\u00df und Freude rund ums Pferd.<\/p>\n\n\n\n<p>Unsere\nJugendvertretung<\/p>\n\n\n\n<p><strong>Jugendwartin<\/strong><\/p>\n\n\n\n<p>Alexa Egerer (2. von links)<\/p>\n\n\n\n<p><strong>Jugendsprecherin<\/strong><\/p>\n\n\n\n<p>Jordan Wolff (1. von rechts)<\/p>\n\n\n\n<p><strong><b>Beisitzeri<\/b>nnen<\/strong> <\/p>\n\n\n\n<p>Lilli Seeberger (mitte)<\/p>\n\n\n\n<p>Cosima Prokop (1. von links)<\/p>\n\n\n\n<p>Pia Jung (2. von rechts)<\/p>\n\n\n\n<figure class=\"wp-block-image size-large\"><img loading=\"lazy\" decoding=\"async\" width=\"1024\" height=\"822\" src=\"https:\/\/reiterverein-heilbronn.de\/wp-content\/uploads\/2025\/07\/3C44370E-0B4B-4207-98C4-2035BBC8D623-2-1024x822.jpeg\" alt=\"\" class=\"wp-image-2030\" srcset=\"https:\/\/reiterverein-heilbronn.de\/wp-content\/uploads\/2025\/07\/3C44370E-0B4B-4207-98C4-2035BBC8D623-2-1024x822.jpeg 1024w, https:\/\/reiterverein-heilbronn.de\/wp-content\/uploads\/2025\/07\/3C44370E-0B4B-4207-98C4-2035BBC8D623-2-300x241.jpeg 300w, https:\/\/reiterverein-heilbronn.de\/wp-content\/uploads\/2025\/07\/3C44370E-0B4B-4207-98C4-2035BBC8D623-2-768x616.jpeg 768w, https:\/\/reiterverein-heilbronn.de\/wp-content\/uploads\/2025\/07\/3C44370E-0B4B-4207-98C4-2035BBC8D623-2.jpeg 1421w\" sizes=\"auto, (max-width: 1024px) 100vw, 1024px\" \/><\/figure>\n\n\n\n<figure class=\"wp-block-image size-large\"><img loading=\"lazy\" decoding=\"async\" width=\"1024\" height=\"822\" src=\"https:\/\/reiterverein-heilbronn.de\/wp-content\/uploads\/2025\/07\/3C44370E-0B4B-4207-98C4-2035BBC8D623-1-1024x822.jpeg\" alt=\"\" class=\"wp-image-2028\" srcset=\"https:\/\/reiterverein-heilbronn.de\/wp-content\/uploads\/2025\/07\/3C44370E-0B4B-4207-98C4-2035BBC8D623-1-1024x822.jpeg 1024w, https:\/\/reiterverein-heilbronn.de\/wp-content\/uploads\/2025\/07\/3C44370E-0B4B-4207-98C4-2035BBC8D623-1-300x241.jpeg 300w, https:\/\/reiterverein-heilbronn.de\/wp-content\/uploads\/2025\/07\/3C44370E-0B4B-4207-98C4-2035BBC8D623-1-768x616.jpeg 768w, https:\/\/reiterverein-heilbronn.de\/wp-content\/uploads\/2025\/07\/3C44370E-0B4B-4207-98C4-2035BBC8D623-1.jpeg 1421w\" sizes=\"auto, (max-width: 1024px) 100vw, 1024px\" \/><\/figure>\n","protected":false},"excerpt":{"rendered":"<p>Das ganze Jahr \u00fcber planen wir viele tolle Aktionen, Ausfl\u00fcge und Unternehmungen, die wir gemeinsam mit den Kindern und Jugendlichen<\/p>\n","protected":false},"author":1,"featured_media":0,"parent":0,"menu_order":0,"comment_status":"closed","ping_status":"closed","template":"","meta":{"footnotes":""},"class_list":["post-157","page","type-page","status-publish","hentry","comments-off"],"_links":{"self":[{"href":"https:\/\/reiterverein-heilbronn.de\/index.php?rest_route=\/wp\/v2\/pages\/157","targetHints":{"allow":["GET"]}}],"collection":[{"href":"https:\/\/reiterverein-heilbronn.de\/index.php?rest_route=\/wp\/v2\/pages"}],"about":[{"href":"https:\/\/reiterverein-heilbronn.de\/index.php?rest_route=\/wp\/v2\/types\/page"}],"author":[{"embeddable":true,"href":"https:\/\/reiterverein-heilbronn.de\/index.php?rest_route=\/wp\/v2\/users\/1"}],"replies":[{"embeddable":true,"href":"https:\/\/reiterverein-heilbronn.de\/index.php?rest_route=%2Fwp%2Fv2%2Fcomments&post=157"}],"version-history":[{"count":8,"href":"https:\/\/reiterverein-heilbronn.de\/index.php?rest_route=\/wp\/v2\/pages\/157\/revisions"}],"predecessor-version":[{"id":2031,"href":"https:\/\/reiterverein-heilbronn.de\/index.php?rest_route=\/wp\/v2\/pages\/157\/revisions\/2031"}],"wp:attachment":[{"href":"https:\/\/reiterverein-heilbronn.de\/index.php?rest_route=%2Fwp%2Fv2%2Fmedia&parent=157"}],"curies":[{"name":"wp","href":"https:\/\/api.w.org\/{rel}","templated":true}]}}